{"id":77,"date":"2017-07-18T14:14:48","date_gmt":"2017-07-18T14:14:48","guid":{"rendered":"http:\/\/webpages.ciencias.ulisboa.pt\/~frosas\/?page_id=77"},"modified":"2026-01-16T11:17:17","modified_gmt":"2026-01-16T11:17:17","slug":"inicio","status":"publish","type":"page","link":"https:\/\/webpages.ciencias.ulisboa.pt\/~frosas\/","title":{"rendered":"Filipe M. Rosas (scroll down)"},"content":{"rendered":"<h1 style=\"text-align: left;\"><\/h1>\n<p><img loading=\"lazy\" decoding=\"async\" class=\"alignnone  wp-image-754\" src=\"http:\/\/webpages.ciencias.ulisboa.pt\/~frosas\/wp-content\/uploads\/2026\/01\/Photo-on-17-10-2025-at-10.59.jpg\" alt=\"\" width=\"232\" height=\"261\" \/><\/p>\n<h1 style=\"text-align: left;\"><strong><span style=\"color: #000000;\">Filipe M. Rosas, PhD<\/span><\/strong><\/h1>\n<p>E-mail: <a href=\"mailto:frosas@ciencias.ulisboa.pt\">frosas@ciencias.ulisboa.pt<\/a><\/p>\n<p style=\"text-align: left;\"><strong><span style=\"color: #000000;\">Geologist, <\/span><\/strong><strong><span style=\"color: #000000;\">Associate Professor with Habilitation<\/span><\/strong><\/p>\n<p style=\"text-align: left;\"><strong><span style=\"color: #000000;\"><a href=\"https:\/\/ciencias.ulisboa.pt\/en\">Faculty of Science<\/a>, <a href=\"https:\/\/www.ulisboa.pt\/en\">University of Lisbon<\/a>.<\/span><\/strong><\/p>\n<p style=\"text-align: left;\"><span style=\"color: #000000;\"><span style=\"caret-color: #000000;\">I am presently the director of the <a href=\"https:\/\/idl.ciencias.ulisboa.pt\"><strong>IDL-LA Earthsystems Associate Laboratory<\/strong><\/a>.<\/span><\/span><\/p>\n<p><a href=\"https:\/\/idl.ciencias.ulisboa.pt\"><img loading=\"lazy\" decoding=\"async\" class=\"wp-image-668 alignleft\" src=\"http:\/\/webpages.ciencias.ulisboa.pt\/~frosas\/wp-content\/uploads\/2025\/03\/InstitutoDomLuiz_transp_2.png\" alt=\"\" width=\"246\" height=\"117\" \/><\/a><\/p>\n<p>&nbsp;<\/p>\n<p><span style=\"color: #000000;\">Click on the logo (on the left) for detailed information about the institute, its history and present research activity.<\/span><\/p>\n<p>I am also the <strong>responsible for the Analogue Modelling Lab<\/strong> @ FCUL, IDL, UL<\/p>\n<p>Some photos of <a href=\"https:\/\/webpages.ciencias.ulisboa.pt\/~frosas\/index.php\/some-photos-of-field-work-and-recent-activities\/\">field work and other activities<\/a>.<\/p>\n<hr \/>\n<figure id=\"attachment_666\" aria-describedby=\"caption-attachment-666\" style=\"width: 1862px\" class=\"wp-caption alignnone\"><img loading=\"lazy\" decoding=\"async\" class=\"wp-image-666 size-full\" src=\"http:\/\/webpages.ciencias.ulisboa.pt\/~frosas\/wp-content\/uploads\/2025\/03\/FCUL3.jpg\" alt=\"\" width=\"1862\" height=\"728\" \/><figcaption id=\"caption-attachment-666\" class=\"wp-caption-text\">Aerial view of part of the Science Faculty campus (University of Lisbon).<\/figcaption><\/figure>\n<h2><strong>Education\/Degrees <\/strong><\/h2>\n<h4><b>Habilitation (Geology) &#8211; <\/b>University of Lisbon, March 2018<\/h4>\n<ul>\n<li style=\"list-style-type: none;\">\n<ul>\n<li><b>Arguers: <\/b>Jacques Malavieille and Jesus Galindo-Zaldivar<\/li>\n<li><b>Classification: <\/b>Maximum classification of \u201c<i>aprovado<\/i>\u201d attributed unanimously<\/li>\n<\/ul>\n<\/li>\n<\/ul>\n<p><b>PhD in Geology (Internal Geodynamics) &#8211; <\/b>University of Lisbon, July 2003<\/p>\n<ul>\n<li style=\"list-style-type: none;\">\n<ul>\n<li><strong>Thesis:<\/strong> \u201cTectonic study of the Viana do Alentejo-Alvito sector: Geodynamic evolution and analogue modelling of key structures in selected outcrops (SW Iberian Variscan Fold Belt) \/ \u201cEstudo Tect\u00f3nico Do Sector De Viana Do Alentejo-Alvito: Evolu\u00e7\u00e3o Geodin\u00e2mica e Modela\u00e7\u00e3o Anal\u00f3gica de Estruturas em Afloramentos Chave (Ramo Sul da Cadeia Varisca Ib\u00e9rica \u2013 SW da Zona de Ossa Morena)\u201d. Ph.D.Thesis, Fac. Ci\u00eanc. Univ. Lisboa, p.364.<\/li>\n<li><b>Supervisors: <\/b>Ant\u00f3nio Ribeiro e Jos\u00e9 Brand\u00e3o Silva.<\/li>\n<li><b>Classification: <\/b>Maximum classification of \u201c<i>Distin\u00e7\u00e3o e Louvor<\/i>\u201d attributed unanimously<\/li>\n<\/ul>\n<\/li>\n<\/ul>\n<p><b>MSc in Geology (Internal Dynamic Geology) <\/b>\u2013 University of Lisbon, July 1996<\/p>\n<ul>\n<li style=\"list-style-type: none;\">\n<ul>\n<li><strong>Thesis:<\/strong> \u201cTectonic study and detailed geological mapping of the Alvito-\u00c1gua de Peixe sector (Ossa Morena Zone, SW Iberian Variscan Fold Belt)\u201d \/ Estudo tect\u00f3nico e cartografia geol\u00f3gica de pormenor do sector chave de Alvito-\u00c1gua de Peixe (Zona de Ossa Morena). M.Sc Thesis, Fac. Ci\u00eanc. Univ. Lisboa, p.147.<\/li>\n<li><b>Supervisors: <\/b>Ant\u00f3nio Ribeiro e Paulo Fonseca.<\/li>\n<li><b>Classification: <\/b>Maximum classification of \u201c<i>Muito Bom<\/i>\u201d attributed unanimously<\/li>\n<\/ul>\n<\/li>\n<\/ul>\n<p><b>BSc (4 years \u201cLicenciatura\u201d) in Geology (scientific branch) <\/b>\u2013 University of Lisbon, October 1993<\/p>\n<figure id=\"attachment_644\" aria-describedby=\"caption-attachment-644\" style=\"width: 553px\" class=\"wp-caption alignnone\"><img loading=\"lazy\" decoding=\"async\" class=\"wp-image-644\" src=\"http:\/\/webpages.ciencias.ulisboa.pt\/~frosas\/wp-content\/uploads\/2024\/09\/3e704580-a93d-4f0b-8829-d60ac9e388be.jpg\" alt=\"\" width=\"553\" height=\"395\" \/><figcaption id=\"caption-attachment-644\" class=\"wp-caption-text\">Look at that beautiful pattern of tablet-chocolate boudinage behind! (Almograve beach, SW Portugal)<\/figcaption><\/figure>\n<h2><strong>Professional career <\/strong><\/h2>\n<p><b>Associate Professor (\u201cProfessor Associado\u201d) <\/b>\u2013<b> <\/b>Faculty of Science, University of Lisbon, since May 2023<\/p>\n<p><b>Assistant Professor (\u201cProfessor Auxiliar\u201d) <\/b>\u2013<b> <\/b>Faculty of Science, University of Lisbon, from July 2003 to May 2023<\/p>\n<p><b>Tutor (off-campus) of Heriot-Watt University (Edinburg, Scotland)<\/b>, from Abril 2014 to February 2020<\/p>\n<p style=\"padding-left: 30px;\">Lecturer of the Petroleum Geoscience course of the Master of Science in Petroleum Engineering offered by the Heriot-Watt University and ISPG\/GALP consortium (\u201cInstituto do Petr\u00f3leo e G\u00e1s, Galp Energia\u201d).<\/p>\n<p><b>Trainee Assistant (\u201cAssistente\u201d) <\/b>&#8211; Faculty of Science, University of Lisbon, from January 2000 to July 2003<\/p>\n<p style=\"padding-left: 30px;\">Trainee Assistant of the Geodynamics section (Geology Department, Faculty of Science, University of Lisbon)<\/p>\n<p><b>PhD Scholarship holder <\/b>\u2013 from February 1997 to December 1999<\/p>\n<p style=\"padding-left: 30px;\">PhD scholarship granted by the national science foundation &#8211; FCT (\u201cFunda\u00e7\u00e3o Para a Ci\u00eancia e Tecnologia\u201d).<\/p>\n<p><b>Trainee Scholarship holder <\/b>\u2013 from September 1996 to January 1997<\/p>\n<p style=\"padding-left: 30px;\">Trainee scholarship granted by the national geological survey (IGM &#8211; \u201cInstituto Geol\u00f3gico Mineiro\u201d)<\/p>\n<p><b>MSc Scholarship holder <\/b>\u2013 from April 1994 to July 1996<\/p>\n<p style=\"padding-left: 30px;\">MSc scholarship granted by the national science foundation (JNICT \u2013 \u201cJunta Nacional de Investiga\u00e7\u00e3o Cient\u00edfica e Tecnol\u00f3gica\u201d).<\/p>\n<h2><img loading=\"lazy\" decoding=\"async\" class=\"alignnone size-full wp-image-573\" src=\"http:\/\/webpages.ciencias.ulisboa.pt\/~frosas\/wp-content\/uploads\/2022\/11\/meetings.jpg__1920x500_q90_crop_subject_location-960640_subsampling-2_upscale.jpg\" alt=\"\" width=\"1920\" height=\"500\" \/><\/h2>\n<h2><b>Professional Memberships and Affiliations <\/b><\/h2>\n<ul>\n<li style=\"list-style-type: none;\">\n<ul>\n<li>APG \u2013 Associa\u00e7\u00e3o Portuguesa de Ge\u00f3logos<\/li>\n<li><span style=\"font-size: 1rem;\">AGU \u2013 American Geophysical Union<\/span><\/li>\n<li><span style=\"font-size: 1rem;\">EGU \u2013 European Geosciences Union<\/span><\/li>\n<\/ul>\n<\/li>\n<\/ul>\n","protected":false},"excerpt":{"rendered":"<p>Filipe M. Rosas, PhD E-mail: frosas@ciencias.ulisboa.pt Geologist, Associate Professor with Habilitation Faculty of Science, University of Lisbon. I am presently the director of the IDL-LA Earthsystems Associate Laboratory. &nbsp; Click on the logo (on the left) for detailed information about the institute, its history and present research activity. I am also the responsible for the &hellip; <\/p>\n<p class=\"link-more\"><a href=\"https:\/\/webpages.ciencias.ulisboa.pt\/~frosas\/\" class=\"more-link\">Continuar a ler <span class=\"screen-reader-text\">&#8220;Filipe M. Rosas (scroll down)&#8221;<\/span><\/a><\/p>\n","protected":false},"author":1,"featured_media":0,"parent":0,"menu_order":0,"comment_status":"closed","ping_status":"closed","template":"","meta":{"footnotes":""},"class_list":["post-77","page","type-page","status-publish","hentry"],"_links":{"self":[{"href":"https:\/\/webpages.ciencias.ulisboa.pt\/~frosas\/index.php\/wp-json\/wp\/v2\/pages\/77","targetHints":{"allow":["GET"]}}],"collection":[{"href":"https:\/\/webpages.ciencias.ulisboa.pt\/~frosas\/index.php\/wp-json\/wp\/v2\/pages"}],"about":[{"href":"https:\/\/webpages.ciencias.ulisboa.pt\/~frosas\/index.php\/wp-json\/wp\/v2\/types\/page"}],"author":[{"embeddable":true,"href":"https:\/\/webpages.ciencias.ulisboa.pt\/~frosas\/index.php\/wp-json\/wp\/v2\/users\/1"}],"replies":[{"embeddable":true,"href":"https:\/\/webpages.ciencias.ulisboa.pt\/~frosas\/index.php\/wp-json\/wp\/v2\/comments?post=77"}],"version-history":[{"count":93,"href":"https:\/\/webpages.ciencias.ulisboa.pt\/~frosas\/index.php\/wp-json\/wp\/v2\/pages\/77\/revisions"}],"predecessor-version":[{"id":812,"href":"https:\/\/webpages.ciencias.ulisboa.pt\/~frosas\/index.php\/wp-json\/wp\/v2\/pages\/77\/revisions\/812"}],"wp:attachment":[{"href":"https:\/\/webpages.ciencias.ulisboa.pt\/~frosas\/index.php\/wp-json\/wp\/v2\/media?parent=77"}],"curies":[{"name":"wp","href":"https:\/\/api.w.org\/{rel}","templated":true}]}}